ne c(-4).
-1
Let r(o) = -2*o - 4. Suppose 5*k + 1 + 14 = 0. Let w be r(k). Suppose 0*q = -w*q - 6. Let u(g) = g**2 + 5*g + 2. Give u(q).
-4
Suppose 3*g = -4*z + 17, 4*z - 2 = g + 3. Let d(v) be the second derivative of 0 + 1/2*v**4 + 5/2*v**2 - 2*v - 1/20*v**5 - 7/6*v**g. What is d(5)?
-5
Suppose -4*y - 63 = -5*z, -5*z - 2*y = -29 - 22. Suppose -t + 5 = -w, -w = -4*t + z + 12. Let i(j) = -j**3 + 5*j**2 + 7*j - 8. Determine i(t).
-2
Suppose -4*u = 2*k - 14, u + 1 = 2*k + 12. Let n(q) be the second derivative of 1/20*q**5 - q + 1/6*q**4 - 5/6*q**3 + 0 - 2*q**2. Determine n(k).
2
Let l(t) = -1 + 48*t - 52*t - 2 - 1. Calculate l(-6).
20
Suppose -2*t + 2*k + 2 = 0, -k - 3*k - 6 = -5*t. Let a(x) = x**2 - 6*x + 3. Determine a(t).
-5
Let j(o) = -o**3 - 3*o**2 + 4*o + 1. Let h be 4/1*15/(-12). Let b be (-2)/h + 44/(-10). Let u be j(b). Let p(a) = 2*a**3 + a**2 - 1. Determine p(u).
2
Let s(x) be the third derivative of -2*x**6/15 + x**5/30 - x**3/6 + 2*x**2. What is s(-1)?
17
Suppose 2*c = -7*z + 2*z + 21, -5*z + 18 = c. Suppose 0 = -2*g, -4*g + 9 = z*l - g. Let f(t) = t**3 - 3*t**2 - 2*t - 2. Calculate f(l).
-8
Let s(g) = -g. Let p(w) = -w - 5. Let k(d) = -d**3 + 8*d**2 - 2. Let b be k(8). Let m(a) = b*s(a) + p(a). Determine m(5).
0
Let z(n) = -n + 6. Let s be (-49)/4 - 1/(-4). Let t = s + 17. Let o be z(t). Let r(p) = 4*p**3 + p**2 - 2*p + 1. Determine r(o).
4
Let y(m) = -m. Suppose 0 = -3*h + 5*u + 21, 0 = -5*h + 6*u - 3*u + 19. Calculate y(h).
-2
Suppose -5*w = 0, 4*l - w - w + 12 = 0. Let g(s) = -2*s - 7. Determine g(l).
-1
Let p(u) be the third derivative of 0*u + 1/12*u**5 - u**2 - 1/120*u**6 + 0 + u**3 - 1/8*u**4. Let y = 42 - 37. Determine p(y).
-9
Let y(r) = r**2 + 3*r + 5. Let p = 9 + -6. Let v(t) = t**2 + 4*t + 5. Let c(b) = p*y(b) - 4*v(b). Calculate c(-6).
1
Let t = -9 - -12. Let q(l) = 2*l + 5 - 2*l + l**2 - 6 - t*l. Give q(-2).
9
Let v(j) = j**3 - 3*j**2 - 4*j - 5. Let q be v(4). Let f(d) = 2*d - 29. Let g(h) = -h + 10. Let u(c) = -3*f(c) - 8*g(c). Calculate u(q).
-3
Let q = -21/17 + 269/204. Let l(u) be the second derivative of 0 + q*u**4 + 2*u + u**3 - 3/2*u**2. Give l(-5).
-8
Let n = 4 - -2. Let r(a) = 19*a + 4. Let w(u) be the second derivative of 3*u**3/2 + u**2 - u. Let l(i) = n*r(i) - 13*w(i). Determine l(-3).
7
Let b(t) = -2*t**2 + 4*t - 3. Let z(v) = -v**3 - 4*v**2 - 2*v - 5. Let i = 8 - 12. Let r be z(i). Calculate b(r).
-9
Let k(n) = 5*n**2 + 2*n + 2. Let x(j) = -4 + 2*j**2 + 2*j + 4*j**2 + 6. Let a(v) = 5*k(v) - 4*x(v). Give a(-3).
5
Let k(y) = 2*y**2 - 4*y - 1. Let b(z) = -z + 17. Let o be b(14). Give k(o).
5
Suppose -2*v = -3*l + 16, -2*v = v - 2*l + 19. Let r(q) be the third derivative of -q**6/120 - q**5/15 + q**4/8 - q**3/2 + 2*q**2. What is r(v)?
7
Let p(f) = -f**2 + 2*f + 1. Let z = -18 - 12. Let k be -10*-4*(-3)/z. Give p(k).
-7
Let w(k) = -5*k + 3*k - 5 + 4*k - 3*k. Give w(-7).
2
Let x(z) = 1. Suppose 30 = 6*s - s. Let v(b) = b + 1. Let g(d) = s*x(d) - v(d). Suppose 130 = 22*t + 20. Give g(t).
0
Let u be ((-27)/(-6))/3*12/(-3). Let r(q) = -q**3 - 5*q**2 + 3*q + 3. What is r(u)?
21
Let s(a) = -3*a**2 + 1. Let r be s(-1). Let g = r + 5. Suppose 0 = -g*v - 0 + 9. Let k(j) = -j**3 + 4*j**2 - j + 2. Determine k(v).
8
Let c(j) be the second derivative of -7*j**3/6 + 3*j**2/2 - 23*j. Calculate c(2).
-11
Let s(k) be the third derivative of k**5/60 + k**4/8 - k**3/2 - 15*k**2. Determine s(-3).
-3
Let t = 58 + -55. Let i(w) = -2*w**2 + 3*w + 2. Determine i(t).
-7
Let r(b) = -b**2 + 7*b + 1. Let j be 16/(-10)*(-5)/2. Suppose -t + 48 = j*d, 4*t + d - 102 = 15. Suppose 4*q + 4 - t = 0. Give r(q).
7
Let j(r) = 9*r**2 - 4*r + 7. Let q(p) = 5*p**2 - 2*p + 3. Let i(n) = 2*j(n) - 5*q(n). What is i(1)?
-6
Let u(l) = -2*l + 7. Let j = 19 - 20. Let z(h) = -6*h. Let w be z(j). Give u(w).
-5
Let p(z) be the first derivative of -4 - 1/2*z**2 - 3*z. Determine p(4).
-7
Let m(b) = b - 7. Let z = -3 + 14. Let i(q) = -2*q + 13. Let u(s) = z*m(s) + 6*i(s). Determine u(4).
-3
Let w = -4 + 7. Suppose -j - w*j = -16. Let d(s) = 2*s**2 - 3*s + 7. Let n(l) = l**2 - l + 1. Let z(c) = j*n(c) - d(c). What is z(3)?
12
Let d(i) = -i - 6. Suppose 0*a = -2*a - 0*a. Determine d(a).
-6
Let x(c) = c**2 - 5*c + 5. Suppose 1 = 2*n - 19. Let q be -12*5/(-30)*-3. Let a = n + q. What is x(a)?
1
Let q be (-6)/3*(-1)/(-2). Let y(b) be the third derivative of 1/60*b**6 + 0*b**4 + 0*b + b**2 - 1/6*b**3 + 0 + 0*b**5. Calculate y(q).
-3
Let i(j) be the first derivative of j**4/4 + 4*j**3/3 - 3*j + 32. Give i(-3).
6
Let p = 43 + -39. Let q(s) = s**3 - 5*s**2 + 4*s - 5. Give q(p).
-5
Let v(g) = -g**2 - 2*g - 3. Let s be v(-2). Let l(t) = t**2 - 2*t + 5. Let w be l(5). Let o(a) = -w - 3*a + 20. Calculate o(s).
9
Let k(t) = 7*t + 1. Let g(s) = -15*s - 2. Let u(f) = -4*g(f) - 9*k(f). Give u(2).
-7
Let z(o) = o**3 - 4*o**2 + 2*o - 2. Let s be z(3). Let m(f) = f**2 + 2*f + 4. What is m(s)?
19
Let h(k) be the third derivative of 1/24*k**4 + 0*k + 0*k**3 + 0*k**5 + 0 + 4*k**2 - 1/120*k**6. Give h(-2).
6
Let i(k) = 2*k**2 - 5*k + 2. Let c be i(3). Let x(z) be the third derivative of -5/24*z**4 + 0*z + 1/60*z**5 - z**2 - 5/6*z**3 + 0. Determine x(c).
-5
Let f(q) = -4*q + 9 + 6 - 13. What is f(2)?
-6
Suppose 0 = -0*a + a. Let s(o) = 2 + 4*o - o**2 + a - 6 + 0*o**2. Determine s(3).
-1
Let q(c) be the first derivative of -c**4/4 - 4*c**3/3 + 4*c + 26. What is q(-3)?
-5
Let a(o) = -o**3 + 7*o**2 + 10*o - 8. Let h = -38 - -46. Calculate a(h).
8
Let w = 38 - 34. Let i(m) = -m - 1. Determine i(w).
-5
Let w be 10/(-4)*(-52)/(-65). Let v be (-4)/w + (12 - 10). Let i(p) = p**2 - 3*p + 5. Determine i(v).
9
Let d(z) = -9*z. Let j be d(-2). Suppose 4*u = -16, -2*s + j = -5*s - 3*u. Let m(x) = -4*x + 4. Let n(k) = -k + 1. Let a(q) = 2*m(q) - 6*n(q). Calculate a(s).
6
Let k = -2 - -1. Let p(o) = -4*o**2 + 1. Let x(a) = -9*a**2 - a + 2. Let w(t) = 5*p(t) - 2*x(t). Calculate w(k).
-3
Let c(i) = -i**3 - i**2 + 1. Let l(h) = -5*h**3 - 2*h**2 - 3*h + 12. Let j(y) = 6*c(y) - l(y). Let b(m) = m + 1. Let t be b(-6). Calculate j(t).
4
Let p(q) = -q**2 + q. Let g(z) = 2*z**3 - 2*z**2 + 7*z - 2. Let x(n) = -g(n) + 6*p(n). Suppose -6*o = -3*o - 36. Let c be ((-8)/o)/((-1)/(-3)). Calculate x(c).
4
Let g be (-6)/(-5)*(0 + -5). Let u(b) = -b**2 - 2*b + 1. Let i(w) = w**3 + 10*w**2 + 9*w - 1. Let h(t) = i(t) + 4*u(t). What is h(g)?
-3
Let i = 10 - 2. Let w be -1 + (-5)/(10/i). Let x(z) = 4*z**2 + 2 + 2*z**3 + 3 - 5*z - 4 - z**3. Calculate x(w).
1
Let t be 2/(-3)*(-1 + -2). Let k(r) = -r**2 + r**3 - 8*r + 9*r - t + 0*r**2. Calculate k(2).
4
Suppose 5*t = 2*t + 9. Suppose -2*f + 1 = -3. Let z(k) = -2*k**2 + 4*k**2 + k**t + 4*k + f*k**2. What is z(-3)?
-3
Let k(h) = 4*h**3 + 10*h**2 + 12*h - 8. Let d(x) = -x**3 - x**2 - x + 1. Let c(v) = 5*d(v) + k(v). Calculate c(6).
3
Let x(n) be the second derivative of -n**6/120 - n**5/12 + n**4/24 + n**2 - 3*n. Let m(l) be the first derivative of x(l). What is m(-5)?
-5
Suppose z + 2*z = -3*f + 18, 4*z - 30 = -5*f. Suppose 0 = -4*y - x, 0 = 2*x - f*x. Let h(t) = 1 - t - 6 + y. What is h(-4)?
-1
Let q(p) = -p**2 + 5 + 2*p**2 - 2*p**2 - p**2 + 6*p + 3*p**2. Suppose 3*x = y + 5 - 21, 22 = -4*x + y. Let z = 2 + x. What is q(z)?
-3
Suppose -5*c - 4*f = -26, 3*c - 26 = -0*c - 5*f. Let s(v) = v - 2. Let b be s(4). Let y(r) = 4 + b - 4 + c*r. Calculate y(-5).
-8
Let m be 3 + 1 + 1 + -1. Let q(w) = w + 2 - m + 1 - 2*w. Give q(3).
-4
Let c(m) = 4*m**3 - 5*m**2 + 21*m + 4 - 5*m**3 - 10 - 15*m. What is c(-6)?
-6
Let l(u) = 10 - u + 3*u**2 - 5*u**3 + 11*u**2 + u**3 + 3*u**3. Let z be l(14). Let f(c) = -c**3 - 3*c**2 + 2*c - 5. Determine f(z).
3
Let d = 0 - -4. Let o(w) = -w + d*w**2 + w - w + 0*w. What is o(-1)?
5
Suppose -3*x + 6 = -x. Suppose -2*d - a - x = -12, 0 = a - 1. Suppose 8 = -3*g - d. Let p(j) = j**3 + 3*j**2 - 6*j - 2. Give p(g).
6
Let c(n) be the second derivative of n**5/20 + 7*n**4/12 + n**3 + 3*n**2 + 20*n. Calculate c(-6).
6
Let y = -13 - -18. Let r(x) = 6*x**2 + 6*x - 1. Let f(a) = -5*a**2 - 5*a + 1. Let b(d) = y*f(d) + 4*r(d). Let t(u) be the first derivative of b(u). Give t(-1).
1
Suppose 8 = 4*t + 4*p - 8, -4*t - 2*p = -16. Let v(b) be the third derivative of b**5/60 - b**4/12 - 5*b**3/6 + b**2. What is v(t)?
3
Let x(s) = s**3 + 6*s**2 + 2*s + 8. Let z(i) = -3*i +